{"id":847,"date":"2025-03-27T18:24:00","date_gmt":"2025-03-27T18:24:00","guid":{"rendered":"https:\/\/kaigroup.com.mx\/?page_id=847"},"modified":"2025-03-27T19:13:12","modified_gmt":"2025-03-27T19:13:12","slug":"servicios","status":"publish","type":"page","link":"https:\/\/kaigroup.com.mx\/index.php\/servicios\/","title":{"rendered":"SERVICIOS"},"content":{"rendered":"\t\t<div data-elementor-type=\"wp-page\" data-elementor-id=\"847\" class=\"elementor elementor-847\" data-elementor-post-type=\"page\">\n\t\t\t\t<div class=\"elementor-element elementor-element-114ae0f e-flex e-con-boxed e-con e-parent\" data-id=\"114ae0f\" data-element_type=\"container\" data-settings=\"{&quot;background_background&quot;:&quot;classic&quot;}\">\n\t\t\t\t\t<div class=\"e-con-inner\">\n\t\t\t\t<div class=\"elementor-element elementor-element-394eae2 elementor-invisible elementor-widget elementor-widget-heading\" data-id=\"394eae2\" data-element_type=\"widget\" data-settings=\"{&quot;_animation&quot;:&quot;fadeInDown&quot;}\" data-widget_type=\"heading.default\">\n\t\t\t\t<div class=\"elementor-widget-container\">\n\t\t\t\t\t<h2 class=\"elementor-heading-title elementor-size-default\">SERVICIOS<\/h2>\t\t\t\t<\/div>\n\t\t\t\t<\/div>\n\t\t\t\t\t<\/div>\n\t\t\t\t<\/div>\n\t\t<div class=\"elementor-element elementor-element-70fead3b e-con-full e-flex e-con e-parent\" data-id=\"70fead3b\" data-element_type=\"container\" data-settings=\"{&quot;background_background&quot;:&quot;classic&quot;}\">\n\t\t<div class=\"elementor-element elementor-element-2597dde5 e-con-full e-flex e-con e-child\" data-id=\"2597dde5\" data-element_type=\"container\">\n\t\t\t\t<div class=\"elementor-element elementor-element-79fae64d elementor-widget elementor-widget-heading\" data-id=\"79fae64d\" data-element_type=\"widget\" data-widget_type=\"heading.default\">\n\t\t\t\t<div class=\"elementor-widget-container\">\n\t\t\t\t\t<h2 class=\"elementor-heading-title elementor-size-default\">TRANSPORTE<\/h2>\t\t\t\t<\/div>\n\t\t\t\t<\/div>\n\t\t\t\t<div class=\"elementor-element elementor-element-45f66fcf elementor-widget elementor-widget-text-editor\" data-id=\"45f66fcf\" data-element_type=\"widget\" data-widget_type=\"text-editor.default\">\n\t\t\t\t<div class=\"elementor-widget-container\">\n\t\t\t\t\t\t\t\t\t<p><span style=\"font-weight: 400;\">Transportaci\u00f3n mar\u00edtima desde cualquier parte del mundo\u00a0<\/span><\/p><p><span style=\"font-weight: 400;\">Transportaci\u00f3n terrestre FCL o LCL\u00a0\u00a0<\/span><\/p><p><span style=\"font-weight: 400;\">Previo en Origen (PEO)<\/span><\/p>\t\t\t\t\t\t\t\t<\/div>\n\t\t\t\t<\/div>\n\t\t\t\t<\/div>\n\t\t<div class=\"elementor-element elementor-element-50e5b49a e-con-full e-flex e-con e-child\" data-id=\"50e5b49a\" data-element_type=\"container\">\n\t\t\t\t<div class=\"elementor-element elementor-element-2eb86b2f elementor-widget elementor-widget-image\" data-id=\"2eb86b2f\" data-element_type=\"widget\" data-widget_type=\"image.default\">\n\t\t\t\t<div class=\"elementor-widget-container\">\n\t\t\t\t\t\t\t\t\t\t\t\t\t\t\t<img fetchpriority=\"high\" decoding=\"async\" width=\"1000\" height=\"1000\" src=\"https:\/\/kaigroup.com.mx\/wp-content\/uploads\/2025\/03\/2151468810.jpg\" class=\"attachment-large size-large wp-image-855\" alt=\"\" srcset=\"https:\/\/kaigroup.com.mx\/wp-content\/uploads\/2025\/03\/2151468810.jpg 1000w, https:\/\/kaigroup.com.mx\/wp-content\/uploads\/2025\/03\/2151468810-300x300.jpg 300w, https:\/\/kaigroup.com.mx\/wp-content\/uploads\/2025\/03\/2151468810-150x150.jpg 150w, https:\/\/kaigroup.com.mx\/wp-content\/uploads\/2025\/03\/2151468810-768x768.jpg 768w\" sizes=\"(max-width: 1000px) 100vw, 1000px\" \/>\t\t\t\t\t\t\t\t\t\t\t\t\t\t\t<\/div>\n\t\t\t\t<\/div>\n\t\t\t\t<\/div>\n\t\t\t\t<\/div>\n\t\t<div class=\"elementor-element elementor-element-7697f779 e-con-full e-flex e-con e-parent\" data-id=\"7697f779\" data-element_type=\"container\" data-settings=\"{&quot;background_background&quot;:&quot;classic&quot;}\">\n\t\t<div class=\"elementor-element elementor-element-702444c3 e-con-full e-flex e-con e-child\" data-id=\"702444c3\" data-element_type=\"container\">\n\t\t\t\t<div class=\"elementor-element elementor-element-78443f0e elementor-widget elementor-widget-heading\" data-id=\"78443f0e\" data-element_type=\"widget\" data-widget_type=\"heading.default\">\n\t\t\t\t<div class=\"elementor-widget-container\">\n\t\t\t\t\t<h2 class=\"elementor-heading-title elementor-size-default\">Asegure un despacho aduanero sin contratiempos para sus env\u00edos a M\u00e9xico.<\/h2>\t\t\t\t<\/div>\n\t\t\t\t<\/div>\n\t\t\t\t<div class=\"elementor-element elementor-element-14f951e6 elementor-widget elementor-widget-text-editor\" data-id=\"14f951e6\" data-element_type=\"widget\" data-widget_type=\"text-editor.default\">\n\t\t\t\t<div class=\"elementor-widget-container\">\n\t\t\t\t\t\t\t\t\t<p><span style=\"font-weight: 400;\">Es una herramienta clave a la hora de realizar sus env\u00edos a M\u00e9xico. Esta inspecci\u00f3n le permite optimizar el proceso de importaci\u00f3n, beneficiando a toda la cadena de suministro.<\/span><\/p>\t\t\t\t\t\t\t\t<\/div>\n\t\t\t\t<\/div>\n\t\t\t\t<div class=\"elementor-element elementor-element-fb42757 elementor-widget elementor-widget-text-editor\" data-id=\"fb42757\" data-element_type=\"widget\" data-widget_type=\"text-editor.default\">\n\t\t\t\t<div class=\"elementor-widget-container\">\n\t\t\t\t\t\t\t\t\t<ul><li><span style=\"font-weight: 400;\">Simplificar el despacho de aduanas con inspecciones Previo en Origen<\/span><\/li><li><span style=\"font-weight: 400;\">\u00bfQu\u00e9 es una inspecci\u00f3n Previo en Origen?<\/span><\/li><li><span style=\"font-weight: 400;\">Ventajas de la inspecci\u00f3n PEO<\/span><\/li><li><span style=\"font-weight: 400;\">Para el importador<\/span><\/li><li><span style=\"font-weight: 400;\">Para el agente de aduanas<\/span><\/li><li><span style=\"font-weight: 400;\">Para transitarios<\/span><\/li><li><span style=\"font-weight: 400;\">Facilita el flujo de informaci\u00f3n y detecta problemas en sus env\u00edos antes de que lleguen a M\u00e9xico, eliminando costos, almacenaje y multas.<\/span><\/li><li>Reduce los costos y el tiempo de importaci\u00f3n a M\u00e9xico, ayudando a garantizar una cadena de suministro eficiente y eficaz.<\/li><li>Permite la liberaci\u00f3n de sus env\u00edos en 24 a 48 horas con la validaci\u00f3n del agente de aduanas.<\/li><\/ul>\t\t\t\t\t\t\t\t<\/div>\n\t\t\t\t<\/div>\n\t\t\t\t<\/div>\n\t\t<div class=\"elementor-element elementor-element-7721822f e-con-full e-flex e-con e-child\" data-id=\"7721822f\" data-element_type=\"container\">\n\t\t\t\t<div class=\"elementor-element elementor-element-12286f71 elementor-widget elementor-widget-image\" data-id=\"12286f71\" data-element_type=\"widget\" data-widget_type=\"image.default\">\n\t\t\t\t<div class=\"elementor-widget-container\">\n\t\t\t\t\t\t\t\t\t\t\t\t\t\t\t<img decoding=\"async\" width=\"574\" height=\"1024\" src=\"https:\/\/kaigroup.com.mx\/wp-content\/uploads\/2025\/03\/2151541886-574x1024.jpg\" class=\"attachment-large size-large wp-image-859\" alt=\"\" srcset=\"https:\/\/kaigroup.com.mx\/wp-content\/uploads\/2025\/03\/2151541886-574x1024.jpg 574w, https:\/\/kaigroup.com.mx\/wp-content\/uploads\/2025\/03\/2151541886-168x300.jpg 168w, https:\/\/kaigroup.com.mx\/wp-content\/uploads\/2025\/03\/2151541886-768x1370.jpg 768w, https:\/\/kaigroup.com.mx\/wp-content\/uploads\/2025\/03\/2151541886.jpg 841w\" sizes=\"(max-width: 574px) 100vw, 574px\" \/>\t\t\t\t\t\t\t\t\t\t\t\t\t\t\t<\/div>\n\t\t\t\t<\/div>\n\t\t\t\t<\/div>\n\t\t\t\t<\/div>\n\t\t<div class=\"elementor-element elementor-element-3f202a1f e-flex e-con-boxed e-con e-parent\" data-id=\"3f202a1f\" data-element_type=\"container\" data-settings=\"{&quot;background_background&quot;:&quot;classic&quot;}\">\n\t\t\t\t\t<div class=\"e-con-inner\">\n\t\t\t\t<div class=\"elementor-element elementor-element-6b3e7c9c elementor-widget elementor-widget-heading\" data-id=\"6b3e7c9c\" data-element_type=\"widget\" data-widget_type=\"heading.default\">\n\t\t\t\t<div class=\"elementor-widget-container\">\n\t\t\t\t\t<h3 class=\"elementor-heading-title elementor-size-default\">Auditoria a proveedores\n<\/h3>\t\t\t\t<\/div>\n\t\t\t\t<\/div>\n\t\t\t\t<div class=\"elementor-element elementor-element-68410f4d elementor-widget elementor-widget-text-editor\" data-id=\"68410f4d\" data-element_type=\"widget\" data-widget_type=\"text-editor.default\">\n\t\t\t\t<div class=\"elementor-widget-container\">\n\t\t\t\t\t\t\t\t\t<p><span style=\"font-weight: 400;\">Como proveedor l\u00edder de servicios de la cadena de suministro, ofrecemos una amplia gama de soluciones de auditor\u00eda de proveedores para ayudar a las empresas a mitigar los riesgos, garantizar la calidad del producto y mantener la reputaci\u00f3n de su marca.<\/span><\/p><p><span style=\"font-weight: 400;\">Cubrimos una amplia gama de auditor\u00edas de proveedores, como auditor\u00edas \u00e9ticas, auditor\u00edas estructurales, auditor\u00edas medioambientales, auditor\u00edas C-TPAT y auditor\u00edas de proveedores alimentarios.<\/span><\/p>\t\t\t\t\t\t\t\t<\/div>\n\t\t\t\t<\/div>\n\t\t\t\t<div class=\"elementor-element elementor-element-c2e7043 elementor-align-center elementor-mobile-align-center elementor-widget elementor-widget-button\" data-id=\"c2e7043\" data-element_type=\"widget\" data-widget_type=\"button.default\">\n\t\t\t\t<div class=\"elementor-widget-container\">\n\t\t\t\t\t\t\t\t\t<div class=\"elementor-button-wrapper\">\n\t\t\t\t\t<a class=\"elementor-button elementor-button-link elementor-size-sm\" href=\"https:\/\/kaigroup.com.mx\/index.php\/contacto\/\">\n\t\t\t\t\t\t<span class=\"elementor-button-content-wrapper\">\n\t\t\t\t\t\t\t\t\t<span class=\"elementor-button-text\">Contacto<\/span>\n\t\t\t\t\t<\/span>\n\t\t\t\t\t<\/a>\n\t\t\t\t<\/div>\n\t\t\t\t\t\t\t\t<\/div>\n\t\t\t\t<\/div>\n\t\t\t\t\t<\/div>\n\t\t\t\t<\/div>\n\t\t<div class=\"elementor-element elementor-element-65aaf51 e-con-full e-flex e-con e-parent\" data-id=\"65aaf51\" data-element_type=\"container\" data-settings=\"{&quot;background_background&quot;:&quot;classic&quot;}\">\n\t\t<div class=\"elementor-element elementor-element-804c7b4 e-con-full e-flex e-con e-child\" data-id=\"804c7b4\" data-element_type=\"container\">\n\t\t\t\t<div class=\"elementor-element elementor-element-669aa50 elementor-widget elementor-widget-heading\" data-id=\"669aa50\" data-element_type=\"widget\" data-widget_type=\"heading.default\">\n\t\t\t\t<div class=\"elementor-widget-container\">\n\t\t\t\t\t<h2 class=\"elementor-heading-title elementor-size-default\">ASEGURA TU MERCANC\u00cdA<\/h2>\t\t\t\t<\/div>\n\t\t\t\t<\/div>\n\t\t\t\t<div class=\"elementor-element elementor-element-fef3163 elementor-widget elementor-widget-text-editor\" data-id=\"fef3163\" data-element_type=\"widget\" data-widget_type=\"text-editor.default\">\n\t\t\t\t<div class=\"elementor-widget-container\">\n\t\t\t\t\t\t\t\t\t<p><span style=\"font-weight: 400;\">Seguro de mercanc\u00eda nacional o Internacional\u00a0<\/span><\/p><p><span style=\"font-weight: 400;\">Door to door<\/span><\/p><p><span style=\"font-weight: 400;\">Port to door<\/span><\/p>\t\t\t\t\t\t\t\t<\/div>\n\t\t\t\t<\/div>\n\t\t\t\t<\/div>\n\t\t<div class=\"elementor-element elementor-element-9e94b00 e-con-full e-flex e-con e-child\" data-id=\"9e94b00\" data-element_type=\"container\">\n\t\t\t\t<div class=\"elementor-element elementor-element-51087e6 elementor-widget elementor-widget-image\" data-id=\"51087e6\" data-element_type=\"widget\" data-widget_type=\"image.default\">\n\t\t\t\t<div class=\"elementor-widget-container\">\n\t\t\t\t\t\t\t\t\t\t\t\t\t\t\t<img decoding=\"async\" width=\"1024\" height=\"683\" src=\"https:\/\/kaigroup.com.mx\/wp-content\/uploads\/2025\/03\/2151541855-1024x683.jpg\" class=\"attachment-large size-large wp-image-869\" alt=\"\" srcset=\"https:\/\/kaigroup.com.mx\/wp-content\/uploads\/2025\/03\/2151541855-1024x683.jpg 1024w, https:\/\/kaigroup.com.mx\/wp-content\/uploads\/2025\/03\/2151541855-300x200.jpg 300w, https:\/\/kaigroup.com.mx\/wp-content\/uploads\/2025\/03\/2151541855-768x512.jpg 768w, https:\/\/kaigroup.com.mx\/wp-content\/uploads\/2025\/03\/2151541855.jpg 1500w\" sizes=\"(max-width: 1024px) 100vw, 1024px\" \/>\t\t\t\t\t\t\t\t\t\t\t\t\t\t\t<\/div>\n\t\t\t\t<\/div>\n\t\t\t\t<\/div>\n\t\t\t\t<\/div>\n\t\t<div class=\"elementor-element elementor-element-d195e24 e-con-full e-flex e-con e-parent\" data-id=\"d195e24\" data-element_type=\"container\" data-settings=\"{&quot;background_background&quot;:&quot;classic&quot;}\">\n\t\t<div class=\"elementor-element elementor-element-00c9c9a e-con-full e-flex e-con e-child\" data-id=\"00c9c9a\" data-element_type=\"container\">\n\t\t\t\t<div class=\"elementor-element elementor-element-0fba29b elementor-widget elementor-widget-heading\" data-id=\"0fba29b\" data-element_type=\"widget\" data-widget_type=\"heading.default\">\n\t\t\t\t<div class=\"elementor-widget-container\">\n\t\t\t\t\t<h2 class=\"elementor-heading-title elementor-size-default\">COMERCIALIZADORA<\/h2>\t\t\t\t<\/div>\n\t\t\t\t<\/div>\n\t\t\t\t<div class=\"elementor-element elementor-element-1f18922 elementor-widget elementor-widget-text-editor\" data-id=\"1f18922\" data-element_type=\"widget\" data-widget_type=\"text-editor.default\">\n\t\t\t\t<div class=\"elementor-widget-container\">\n\t\t\t\t\t\t\t\t\t<p><span style=\"font-weight: 400;\">Padr\u00f3n de importadores general\u00a0<\/span><\/p><p><span style=\"font-weight: 400;\">Padr\u00f3n de importadores sectorial (textil)<\/span><\/p><p><span style=\"font-weight: 400;\">.<\/span><\/p>\t\t\t\t\t\t\t\t<\/div>\n\t\t\t\t<\/div>\n\t\t\t\t<\/div>\n\t\t<div class=\"elementor-element elementor-element-3c63047 e-con-full e-flex e-con e-child\" data-id=\"3c63047\" data-element_type=\"container\">\n\t\t\t\t<div class=\"elementor-element elementor-element-0885a65 elementor-widget elementor-widget-image\" data-id=\"0885a65\" data-element_type=\"widget\" data-widget_type=\"image.default\">\n\t\t\t\t<div class=\"elementor-widget-container\">\n\t\t\t\t\t\t\t\t\t\t\t\t\t\t\t<img loading=\"lazy\" decoding=\"async\" width=\"700\" height=\"465\" src=\"https:\/\/kaigroup.com.mx\/wp-content\/uploads\/2025\/03\/1202.jpg\" class=\"attachment-large size-large wp-image-870\" alt=\"\" srcset=\"https:\/\/kaigroup.com.mx\/wp-content\/uploads\/2025\/03\/1202.jpg 700w, https:\/\/kaigroup.com.mx\/wp-content\/uploads\/2025\/03\/1202-300x199.jpg 300w\" sizes=\"(max-width: 700px) 100vw, 700px\" \/>\t\t\t\t\t\t\t\t\t\t\t\t\t\t\t<\/div>\n\t\t\t\t<\/div>\n\t\t\t\t<\/div>\n\t\t\t\t<\/div>\n\t\t\t\t<\/div>\n\t\t","protected":false},"excerpt":{"rendered":"<p>SERVICIOS TRANSPORTE Transportaci\u00f3n mar\u00edtima desde cualquier parte del mundo\u00a0 Transportaci\u00f3n terrestre FCL o LCL\u00a0\u00a0 Previo en Origen (PEO) Asegure un despacho aduanero sin contratiempos para sus env\u00edos a M\u00e9xico. Es una herramienta clave a la hora de realizar sus env\u00edos a M\u00e9xico. Esta inspecci\u00f3n le permite optimizar el proceso de importaci\u00f3n, beneficiando a toda la&#8230;<\/p>\n","protected":false},"author":1,"featured_media":0,"parent":0,"menu_order":0,"comment_status":"closed","ping_status":"closed","template":"","meta":{"_kad_post_transparent":"","_kad_post_title":"hide","_kad_post_layout":"fullwidth","_kad_post_sidebar_id":"","_kad_post_content_style":"unboxed","_kad_post_vertical_padding":"hide","_kad_post_feature":"hide","_kad_post_feature_position":"","_kad_post_header":false,"_kad_post_footer":false,"_joinchat":[],"footnotes":""},"class_list":["post-847","page","type-page","status-publish","hentry"],"_links":{"self":[{"href":"https:\/\/kaigroup.com.mx\/index.php\/wp-json\/wp\/v2\/pages\/847","targetHints":{"allow":["GET"]}}],"collection":[{"href":"https:\/\/kaigroup.com.mx\/index.php\/wp-json\/wp\/v2\/pages"}],"about":[{"href":"https:\/\/kaigroup.com.mx\/index.php\/wp-json\/wp\/v2\/types\/page"}],"author":[{"embeddable":true,"href":"https:\/\/kaigroup.com.mx\/index.php\/wp-json\/wp\/v2\/users\/1"}],"replies":[{"embeddable":true,"href":"https:\/\/kaigroup.com.mx\/index.php\/wp-json\/wp\/v2\/comments?post=847"}],"version-history":[{"count":24,"href":"https:\/\/kaigroup.com.mx\/index.php\/wp-json\/wp\/v2\/pages\/847\/revisions"}],"predecessor-version":[{"id":912,"href":"https:\/\/kaigroup.com.mx\/index.php\/wp-json\/wp\/v2\/pages\/847\/revisions\/912"}],"wp:attachment":[{"href":"https:\/\/kaigroup.com.mx\/index.php\/wp-json\/wp\/v2\/media?parent=847"}],"curies":[{"name":"wp","href":"https:\/\/api.w.org\/{rel}","templated":true}]}}